{"id":510,"date":"2025-10-30T16:13:27","date_gmt":"2025-10-30T16:13:27","guid":{"rendered":"https:\/\/crazy-foods.de\/?page_id=510"},"modified":"2025-10-30T16:26:42","modified_gmt":"2025-10-30T16:26:42","slug":"impressum-2","status":"publish","type":"page","link":"https:\/\/crazy-foods.de\/?page_id=510","title":{"rendered":"Datenschutzerkl\u00e4rung"},"content":{"rendered":"\t\t<div data-elementor-type=\"wp-page\" data-elementor-id=\"510\" class=\"elementor elementor-510\" data-elementor-settings=\"{&quot;ha_cmc_init_switcher&quot;:&quot;no&quot;}\" data-elementor-post-type=\"page\">\n\t\t\t\t<div class=\"elementor-element elementor-element-627646b e-flex e-con-boxed wpr-particle-no wpr-jarallax-no wpr-parallax-no wpr-sticky-section-no e-con e-parent\" data-id=\"627646b\" data-element_type=\"container\" data-settings=\"{&quot;_ha_eqh_enable&quot;:false}\">\n\t\t\t\t\t<div class=\"e-con-inner\">\n\t\t<div class=\"elementor-element elementor-element-36c4a90 e-con-full e-flex wpr-particle-no wpr-jarallax-no wpr-parallax-no wpr-sticky-section-no e-con e-child\" data-id=\"36c4a90\" data-element_type=\"container\" data-settings=\"{&quot;_ha_eqh_enable&quot;:false}\">\n\t\t\t\t<\/div>\n\t\t<div class=\"elementor-element elementor-element-6879dbf e-con-full e-flex wpr-particle-no wpr-jarallax-no wpr-parallax-no wpr-sticky-section-no e-con e-child\" data-id=\"6879dbf\" data-element_type=\"container\" data-settings=\"{&quot;_ha_eqh_enable&quot;:false}\">\n\t\t\t\t<div class=\"elementor-element elementor-element-2e46a37 exad-sticky-section-no exad-glass-effect-no elementor-widget elementor-widget-heading\" data-id=\"2e46a37\" data-element_type=\"widget\" data-widget_type=\"heading.default\">\n\t\t\t\t\t<h2 class=\"elementor-heading-title elementor-size-default\">Datenschutzerkl\u00e4rung<\/h2>\t\t\t\t<\/div>\n\t\t\t\t<div class=\"elementor-element elementor-element-6859f31 exad-sticky-section-no exad-glass-effect-no elementor-widget elementor-widget-text-editor\" data-id=\"6859f31\" data-element_type=\"widget\" data-widget_type=\"text-editor.default\">\n\t\t\t\t\t\t\t\t\t<p>1. Allgemeine Hinweise<br \/>Der Schutz Ihrer pers\u00f6nlichen Daten ist uns wichtig. Wir behandeln Ihre personenbezogenen Daten vertraulich und entsprechend der gesetzlichen Datenschutzvorschriften sowie dieser Datenschutzerkl\u00e4rung.<br \/>Verantwortlich f\u00fcr die Datenverarbeitung auf dieser Website ist:<br \/>Crazy Foods<br \/>Inhaber: Stefan Theo Anderer<br \/>Kraichgaustra\u00dfe 3, 76337 Waldbronn<br \/>E-Mail: info@crazyfoods.de<br \/><br \/>2. Erhebung und Speicherung personenbezogener Daten sowie Art und Zweck ihrer Verwendung<br \/>a) Beim Besuch der Website<br \/>Beim Aufrufen unserer Website www.crazy-foods.de werden durch den auf Ihrem Endger\u00e4t zum Einsatz kommenden Browser automatisch Informationen an den Server unserer Website gesendet. Diese Informationen werden tempor\u00e4r in einem sog. Logfile gespeichert.<br \/>Erfasst werden:<br \/>&#8211; IP-Adresse des anfragenden Rechners<br \/>&#8211; Datum und Uhrzeit des Zugriffs<br \/>&#8211; Name und URL der abgerufenen Datei<br \/>&#8211; Website, von der aus der Zugriff erfolgt (Referrer-URL)<br \/>&#8211; Verwendeter Browser und ggf. das Betriebssystem Ihres Rechners<br \/>Die genannten Daten werden durch uns zu folgenden Zwecken verarbeitet:<br \/>&#8211; Gew\u00e4hrleistung eines reibungslosen Verbindungsaufbaus der Website<br \/>&#8211; Gew\u00e4hrleistung einer komfortablen Nutzung unserer Website<br \/>&#8211; Auswertung der Systemsicherheit und -stabilit\u00e4t<br \/>Die Rechtsgrundlage f\u00fcr die Datenverarbeitung ist Art. 6 Abs. 1 lit. f DSGVO.<br \/><br \/>b) Kontaktaufnahme per E-Mail oder Formular<br \/>Wenn Sie uns per E-Mail oder \u00fcber ein Formular kontaktieren, werden Ihre Angaben inklusive der von Ihnen angegebenen Kontaktdaten zwecks Bearbeitung der Anfrage und f\u00fcr den Fall von Anschlussfragen gespeichert.<br \/>Diese Daten geben wir nicht ohne Ihre Einwilligung weiter.<br \/>Rechtsgrundlage: Art. 6 Abs. 1 lit. b DSGVO.<br \/><br \/>3. Cookies<br \/>Unsere Website verwendet ggf. Cookies, um die Benutzerfreundlichkeit zu erh\u00f6hen. Cookies sind kleine Textdateien, die auf Ihrem Endger\u00e4t gespeichert werden.<br \/>Sie k\u00f6nnen die Speicherung von Cookies in den Einstellungen Ihres Browsers verhindern, was jedoch die Funktionalit\u00e4t der Website einschr\u00e4nken kann.<br \/><br \/>4. Einbindung von Diensten und Inhalten Dritter<br \/>Falls externe Inhalte wie z. B. YouTube-Videos, Google Maps oder Social-Media-Plugins eingebunden werden, erfolgt dies auf Grundlage von Art. 6 Abs. 1 lit. f DSGVO.<br \/>Dabei k\u00f6nnen personenbezogene Daten an die Anbieter dieser Dienste \u00fcbertragen werden.<br \/><br \/>5. Ihre Rechte<br \/>Sie haben das Recht:<br \/>&#8211; gem\u00e4\u00df Art. 15 DSGVO Auskunft \u00fcber Ihre bei uns gespeicherten Daten zu erhalten,<br \/>&#8211; gem\u00e4\u00df Art. 16 DSGVO Berichtigung unrichtiger oder Vervollst\u00e4ndigung Ihrer Daten zu verlangen,<br \/>&#8211; gem\u00e4\u00df Art. 17 DSGVO L\u00f6schung Ihrer bei uns gespeicherten Daten zu verlangen,<br \/>&#8211; gem\u00e4\u00df Art. 18 DSGVO die Einschr\u00e4nkung der Verarbeitung Ihrer Daten zu verlangen,<br \/>&#8211; gem\u00e4\u00df Art. 20 DSGVO Ihre Daten in einem \u00fcbertragbaren Format zu erhalten,<br \/>&#8211; gem\u00e4\u00df Art. 77 DSGVO sich bei einer Aufsichtsbeh\u00f6rde zu beschweren.<br \/><br \/>6. Widerspruchsrecht<br \/>Sofern Ihre personenbezogenen Daten auf Grundlage von Art. 6 Abs. 1 lit. f DSGVO verarbeitet werden, haben Sie das Recht, gem\u00e4\u00df Art. 21 DSGVO Widerspruch gegen die Verarbeitung einzulegen.<br \/><br \/>7. Datensicherheit<br \/>Wir verwenden innerhalb des Website-Besuchs das verbreitete SSL-Verfahren (Secure Socket Layer). Ob eine Seite verschl\u00fcsselt \u00fcbertragen wird, erkennen Sie am Schloss-Symbol in der Adresszeile Ihres Browsers.<br \/><br \/>8. Aktualit\u00e4t und \u00c4nderung dieser Datenschutzerkl\u00e4rung<br \/>Diese Datenschutzerkl\u00e4rung ist aktuell g\u00fcltig und hat den Stand Oktober 2025.<br \/>Durch die Weiterentwicklung unserer Website oder aufgrund ge\u00e4nderter gesetzlicher Vorgaben kann eine Anpassung dieser Erkl\u00e4rung notwendig werden.<br \/><br \/><\/p>\t\t\t\t\t\t\t\t<\/div>\n\t\t\t\t<\/div>\n\t\t<div class=\"elementor-element elementor-element-f3998fb e-con-full e-flex wpr-particle-no wpr-jarallax-no wpr-parallax-no wpr-sticky-section-no e-con e-child\" data-id=\"f3998fb\" data-element_type=\"container\" data-settings=\"{&quot;_ha_eqh_enable&quot;:false}\">\n\t\t\t\t<\/div>\n\t\t\t\t\t<\/div>\n\t\t\t\t<\/div>\n\t\t\t\t<\/div>\n\t\t","protected":false},"excerpt":{"rendered":"<p>Datenschutzerkl\u00e4rung 1. Allgemeine HinweiseDer Schutz Ihrer pers\u00f6nlichen Daten ist uns wichtig. Wir behandeln Ihre personenbezogenen Daten vertraulich und entsprechend der gesetzlichen Datenschutzvorschriften sowie dieser Datenschutzerkl\u00e4rung.Verantwortlich f\u00fcr die Datenverarbeitung auf dieser Website ist:Crazy FoodsInhaber: Stefan Theo AndererKraichgaustra\u00dfe 3, 76337 WaldbronnE-Mail: info@crazyfoods.de 2. Erhebung und Speicherung personenbezogener Daten sowie Art und Zweck ihrer Verwendunga) Beim Besuch der WebsiteBeim Aufrufen unserer Website www.crazy-foods.de werden durch den auf Ihrem Endger\u00e4t zum Einsatz kommenden Browser automatisch Informationen an den Server unserer Website gesendet. Diese Informationen werden tempor\u00e4r in einem sog. Logfile gespeichert.Erfasst werden:&#8211; IP-Adresse des anfragenden Rechners&#8211; Datum und Uhrzeit des Zugriffs&#8211; Name und URL der abgerufenen Datei&#8211; Website, von der aus der Zugriff erfolgt (Referrer-URL)&#8211; Verwendeter Browser und ggf. das Betriebssystem Ihres RechnersDie genannten Daten werden durch uns zu folgenden Zwecken verarbeitet:&#8211; Gew\u00e4hrleistung eines reibungslosen Verbindungsaufbaus der Website&#8211; Gew\u00e4hrleistung einer komfortablen Nutzung unserer Website&#8211; Auswertung der Systemsicherheit und -stabilit\u00e4tDie Rechtsgrundlage f\u00fcr die Datenverarbeitung ist Art. 6 Abs. 1 lit. f DSGVO. b) Kontaktaufnahme per E-Mail oder FormularWenn Sie uns per E-Mail oder \u00fcber ein Formular kontaktieren, werden Ihre Angaben inklusive der von Ihnen angegebenen Kontaktdaten zwecks Bearbeitung der Anfrage und f\u00fcr den Fall von Anschlussfragen gespeichert.Diese Daten geben wir nicht ohne Ihre Einwilligung weiter.Rechtsgrundlage: Art. 6 Abs. 1 lit. b DSGVO. 3. CookiesUnsere Website verwendet ggf. Cookies, um die Benutzerfreundlichkeit zu erh\u00f6hen. Cookies sind kleine Textdateien, die auf Ihrem Endger\u00e4t gespeichert werden.Sie k\u00f6nnen die Speicherung von Cookies in den Einstellungen Ihres Browsers verhindern, was jedoch die Funktionalit\u00e4t der Website einschr\u00e4nken kann. 4. Einbindung von Diensten und Inhalten DritterFalls externe Inhalte wie z. B. YouTube-Videos, Google Maps oder Social-Media-Plugins eingebunden werden, erfolgt dies auf Grundlage von Art. 6 Abs. 1 lit. f DSGVO.Dabei k\u00f6nnen personenbezogene Daten an die Anbieter dieser Dienste \u00fcbertragen werden. 5. Ihre RechteSie haben das Recht:&#8211; gem\u00e4\u00df Art. 15 DSGVO Auskunft \u00fcber Ihre bei uns gespeicherten Daten zu erhalten,&#8211; gem\u00e4\u00df Art. 16 DSGVO Berichtigung unrichtiger oder Vervollst\u00e4ndigung Ihrer Daten zu verlangen,&#8211; gem\u00e4\u00df Art. 17 DSGVO L\u00f6schung Ihrer bei uns gespeicherten Daten zu verlangen,&#8211; gem\u00e4\u00df Art. 18 DSGVO die Einschr\u00e4nkung der Verarbeitung Ihrer Daten zu verlangen,&#8211; gem\u00e4\u00df Art. 20 DSGVO Ihre Daten in einem \u00fcbertragbaren Format zu erhalten,&#8211; gem\u00e4\u00df Art. 77 DSGVO sich bei einer Aufsichtsbeh\u00f6rde zu beschweren. 6. WiderspruchsrechtSofern Ihre personenbezogenen Daten auf Grundlage von Art. 6 Abs. 1 lit. f DSGVO verarbeitet werden, haben Sie das Recht, gem\u00e4\u00df Art. 21 DSGVO Widerspruch gegen die Verarbeitung einzulegen. 7. DatensicherheitWir verwenden innerhalb des Website-Besuchs das verbreitete SSL-Verfahren (Secure Socket Layer). Ob eine Seite verschl\u00fcsselt \u00fcbertragen wird, erkennen Sie am Schloss-Symbol in der Adresszeile Ihres Browsers. 8. Aktualit\u00e4t und \u00c4nderung dieser Datenschutzerkl\u00e4rungDiese Datenschutzerkl\u00e4rung ist aktuell g\u00fcltig und hat den Stand Oktober 2025.Durch die Weiterentwicklung unserer Website oder aufgrund ge\u00e4nderter gesetzlicher Vorgaben kann eine Anpassung dieser Erkl\u00e4rung notwendig werden.<\/p>\n","protected":false},"author":1,"featured_media":0,"parent":0,"menu_order":0,"comment_status":"closed","ping_status":"closed","template":"","meta":{"footnotes":""},"class_list":["post-510","page","type-page","status-publish","hentry"],"_links":{"self":[{"href":"https:\/\/crazy-foods.de\/index.php?rest_route=\/wp\/v2\/pages\/510","targetHints":{"allow":["GET"]}}],"collection":[{"href":"https:\/\/crazy-foods.de\/index.php?rest_route=\/wp\/v2\/pages"}],"about":[{"href":"https:\/\/crazy-foods.de\/index.php?rest_route=\/wp\/v2\/types\/page"}],"author":[{"embeddable":true,"href":"https:\/\/crazy-foods.de\/index.php?rest_route=\/wp\/v2\/users\/1"}],"replies":[{"embeddable":true,"href":"https:\/\/crazy-foods.de\/index.php?rest_route=%2Fwp%2Fv2%2Fcomments&post=510"}],"version-history":[{"count":4,"href":"https:\/\/crazy-foods.de\/index.php?rest_route=\/wp\/v2\/pages\/510\/revisions"}],"predecessor-version":[{"id":517,"href":"https:\/\/crazy-foods.de\/index.php?rest_route=\/wp\/v2\/pages\/510\/revisions\/517"}],"wp:attachment":[{"href":"https:\/\/crazy-foods.de\/index.php?rest_route=%2Fwp%2Fv2%2Fmedia&parent=510"}],"curies":[{"name":"wp","href":"https:\/\/api.w.org\/{rel}","templated":true}]}}